st common divisor of 4841780 and 130800?
2180
What is the highest common factor of 23829 and 1378533?
507
Calculate the highest common factor of 5368737 and 51.
3
Calculate the greatest common divisor of 33271 and 47677.
343
Calculate the highest common divisor of 187 and 61777133.
187
Calculate the highest common divisor of 16813440 and 522720.
4320
Calculate the highest common divisor of 71380888 and 8.
8
What is the highest common factor of 2819304 and 42984?
72
What is the greatest common divisor of 65465562 and 37920?
474
What is the greatest common divisor of 68757 and 12513?
129
What is the highest common factor of 31790 and 48125?
55
Calculate the greatest common factor of 272154 and 2144.
134
Calculate the greatest common divisor of 8700 and 563700.
300
Calculate the highest common divisor of 91 and 307009963.
13
What is the highest common divisor of 496704 and 6552?
312
What is the greatest common divisor of 681133 and 370?
37
Calculate the highest common factor of 408671824 and 352.
176
What is the greatest common divisor of 1345694 and 41762?
266
What is the greatest common divisor of 9 and 19422297?
9
Calculate the greatest common divisor of 8800 and 7799264.
352
What is the greatest common factor of 25681869 and 207?
207
What is the greatest common divisor of 32959 and 18906?
23
What is the highest common divisor of 23312870 and 30?
10
What is the greatest common factor of 12694878 and 380646?
6678
What is the highest common factor of 137898727 and 84841?
2293
What is the greatest common divisor of 2560 and 1413760?
640
What is the highest common divisor of 610530 and 645?
15
Calculate the highest common factor of 452741927 and 44.
11
Calculate the greatest common divisor of 176 and 7040396.
44
Calculate the highest common divisor of 2032 and 13685012.
508
What is the highest common factor of 276 and 24192412?
92
What is the greatest common divisor of 8592 and 407536?
16
What is the greatest common divisor of 1558 and 56181746?
38
What is the greatest common factor of 137208969 and 27?
9
Calculate the highest common factor of 85377450 and 380.
190
Calculate the greatest common factor of 998131 and 13.
1
Calculate the highest common divisor of 6999064 and 67492.
1436
Calculate the highest common factor of 30655935 and 270.
135
Calculate the highest common divisor of 7488679 and 1672.
209
What is the highest common factor of 41 and 244421459?
41
Calculate the highest common divisor of 1011776 and 108.
4
What is the highest common divisor of 4275 and 33295?
5
Calculate the highest common divisor of 3415 and 71456143.
683
Calculate the greatest common divisor of 136968 and 2400891.
1317
Calculate the greatest common factor of 85231 and 30421.
29
Calculate the greatest common factor of 9418 and 1122404.
554
Calculate the greatest common divisor of 36001 and 775481.
973
What is the highest common divisor of 2754 and 22254768?
306
What is the highest common factor of 3202 and 16158893?
1601
What is the greatest common divisor of 55414 and 7173154?
538
Calculate the greatest common factor of 55 and 109621545.
55
Calculate the highest common divisor of 7682128 and 256.
16
What is the highest common factor of 92 and 30318899?
23
Calculate the highest common divisor of 1560835 and 4383.
487
What is the highest common divisor of 3678546184 and 1304?
1304
What is the highest common divisor of 14405160 and 84?
84
Calculate the highest common divisor of 56128 and 24.
8
What is the highest common factor of 39 and 46450729?
13
Calculate the greatest common divisor of 9825 and 41498573.
131
Calculate the greatest common factor of 2886066 and 124434.
4014
Calculate the highest common factor of 3216 and 13052672.
1072
Calculate the greatest common factor of 721930 and 330.
110
Calculate the greatest common divisor of 326859 and 75035093.
8381
Calculate the greatest common factor of 185629 and 142709.
1073
What is the highest common factor of 46506 and 387090?
138
What is the greatest common factor of 232276050 and 30?
30
What is the greatest common factor of 6684405 and 20916?
1743
Calculate the highest common factor of 150 and 140701980.
30
What is the greatest common factor of 24533794 and 22?
2
Calculate the greatest common divisor of 94317 and 156003.
447
What is the greatest common factor of 612 and 144476982?
306
What is the greatest common divisor of 182 and 5834088?
26
Calculate the greatest common factor of 169217570 and 40.
10
Calculate the greatest common divisor of 2176 and 473216624.
272
What is the greatest common factor of 8755 and 138474333?
1751
Calculate the greatest common factor of 1370 and 635507380.
1370
Calculate the greatest common divisor of 377948637 and 45507.
6501
What is the highest common divisor of 59994790 and 40?
10
Calculate the greatest common factor of 782822 and 16753.
1523
What is the greatest common factor of 114272292 and 48?
12
Calculate the highest common factor of 14605125 and 957.
87
Calculate the highest common divisor of 84 and 943325544.
84
Calculate the highest common divisor of 7371 and 22226022.
2457
Calculate the greatest common divisor of 3679383303 and 657.
657
What is the highest common factor of 325370064 and 336?
48
Calculate the greatest common factor of 41888 and 7718816.
3808
Calculate the highest common factor of 23457 and 21414007.
1117
What is the highest common divisor of 237930 and 546?
42
What is the greatest common divisor of 2 and 135375566?
2
Calculate the greatest common divisor of 87705 and 117.
9
Calculate the highest common factor of 32914989 and 927.
927
What is the greatest common factor of 1276991303 and 2254?
1127
Calculate the highest common divisor of 4696047 and 17658.
981
What is the highest common divisor of 2207995 and 461200?
5765
Calculate the greatest common factor of 26 and 51340367.
13
What is the greatest common factor of 132250 and 725?
25
What is the greatest common factor of 8657 and 40722?
11
Calculate the greatest common factor of 65 and 21513934.
13
Calculate the greatest common divisor of 1393531 and 5809.
37
Calculate the greatest common factor of 17578448 and 2212.
316
What is the greatest common factor of 13762 and 4235?
7
Calculate the greatest common factor of 15768524 and 368.
92
What is the highest common factor of 968 and 625256?
8
Calculate the highest common factor of 166556340 and 720.
180
What is the greatest common factor of 22936 and 19129?
47
Calculate the highest common divisor of 24894 and 95796.
54
What is the greatest common divisor of 944 and 929014?
118
What is the highest common factor of 204 and 66078626?
34
What is the highest common factor of 45 and 11265660?
45
What is the greatest common factor of 299 and 5751679?
23
Calculate the greatest common factor of 599311 and 1835492.
1633
What is the highest common factor of 3582 and 49986?
18
Calculate the greatest common divisor of 299 and 151984414.
23
Calculate the greatest common divisor of 14 and 60539808.
14
What is the greatest common factor of 57 and 3145881?
3
What is the highest common divisor of 34861757 and 371?
371
Calculate the highest common divisor of 60 and 2890250.
10
What is the highest common divisor of 16537 and 227923?
719
What is the greatest common divisor of 8970 and 960570?
390
What is the highest common divisor of 18 and 55588?
2
Calculate the highest common factor of 416 and 195053144.
104
Calculate the highest common divisor of 51201172 and 880.
44
Calculate the highest common factor of 1622268 and 31104.
972
Calculate the greatest common factor of 847 and 1072060.
121
Calculate the greatest common divisor of 794178 and 17226.
594
What is the highest common divisor of 7442800 and 192625?
575
What is the highest common factor of 31542287 and 8727?
2909
Calculate the greatest common factor of 24992955 and 567.
81
What is the greatest common factor of 4712 and 123857276?
2356
Calculate the greatest common divisor of 15952 and 90688.
16
What is the greatest common divisor of 1489311 and 1719?
9
What is the greatest common factor of 88781 and 7451839?
1153
What is the greatest common factor of 33878 and 180934?
26
Calculate the highest common divisor of 17388 and 2572668.
756
What is the greatest common factor of 43493 and 11457569?
1891
Calculate the greate